ue
Is 128685287 prime?
True
Is 22361999 composite?
True
Is 7296617 a composite number?
False
Is 1450133 prime?
False
Is 200274679 a composite number?
True
Is 294617839 prime?
True
Is 25111474 a composite number?
True
Is 39462383 composite?
False
Is 144489287 a composite number?
True
Is 70680759 a composite number?
True
Is 19181837 a prime number?
False
Is 1992059 prime?
False
Is 5346409 prime?
True
Is 1384337 a prime number?
True
Is 2497349 a prime number?
True
Is 48695545 a prime number?
False
Is 4194217 a composite number?
False
Is 5254141 composite?
False
Is 72182333 composite?
False
Is 252773155 a prime number?
False
Is 15339295 prime?
False
Is 1259761 prime?
False
Is 95937571 a prime number?
True
Is 5639693 composite?
False
Is 24873721 a composite number?
True
Is 53653 a prime number?
True
Is 4910423 composite?
True
Is 593224421 prime?
True
Is 8015353 a prime number?
False
Is 20015029 composite?
False
Is 107389066 prime?
False
Is 4332371 a composite number?
False
Is 2467519 a composite number?
False
Is 15346951 a prime number?
True
Is 1259737 a composite number?
False
Is 926603 a prime number?
False
Is 68672589 a composite number?
True
Is 3242999 a composite number?
False
Is 50180915 prime?
False
Is 9868477 a prime number?
True
Is 127760057 a composite number?
False
Is 5424719 prime?
True
Is 5971429 a prime number?
True
Is 262288599 a composite number?
True
Is 25131469 a composite number?
True
Is 467426941 prime?
True
Is 35420881 composite?
False
Is 85783741 a prime number?
True
Is 1539203 prime?
False
Is 790003 a prime number?
True
Is 377418953 composite?
False
Is 15522101 composite?
True
Is 3099323 prime?
True
Is 106699029 composite?
True
Is 8917817 a prime number?
True
Is 360353 composite?
True
Is 187949627 a composite number?
False
Is 8842594 a prime number?
False
Is 18663839 prime?
True
Is 9343157 a prime number?
True
Is 117533261 a composite number?
False
Is 9427687 prime?
True
Is 34486693 a composite number?
True
Is 11092621 a prime number?
True
Is 14226403 a prime number?
True
Is 29465389 prime?
True
Is 56333611 composite?
False
Is 1387097 composite?
True
Is 14449697 composite?
True
Is 12954055 prime?
False
Is 84145777 composite?
False
Is 1044389 a prime number?
False
Is 1934833 a prime number?
True
Is 5272959 prime?
False
Is 142359337 a composite number?
False
Is 3372437 prime?
True
Is 57317 prime?
False
Is 240917429 a composite number?
False
Is 1259689 composite?
False
Is 92480473 a composite number?
False
Is 1807457 composite?
True
Is 1032679 prime?
True
Is 7294971 a prime number?
False
Is 65347913 a composite number?
False
Is 3393959 a composite number?
False
Is 57982003 composite?
False
Is 13539623 prime?
True
Is 26819339 composite?
True
Is 149354483 prime?
False
Is 19819991 a composite number?
False
Is 1568527 a prime number?
False
Is 1525471 a composite number?
False
Is 64811 a prime number?
True
Is 170359773 a composite number?
True
Is 114301051 a prime number?
True
Is 4357469 composite?
True
Is 3114149 a composite number?
True
Is 3287261 a prime number?
True
Is 79251 composite?
True
Is 208637713 composite?
False
Is 160902017 a prime number?
True
Is 2585057 prime?
True
Is 549358423 a composite number?
False
Is 33033745 composite?
True
Is 4487159 a prime number?
True
Is 1947283 prime?
False
Is 5284471 composite?
True
Is 60427819 a prime number?
False
Is 979929497 composite?
True
Is 5879633 prime?
False
Is 39266389 prime?
False
Is 347419357 a composite number?
False
Is 906869 a prime number?
True
Is 2449787 prime?
True
Is 22143445 prime?
False
Is 46291367 composite?
False
Is 62716631 prime?
True
Is 2221357 composite?
True
Is 3818651 prime?
True
Is 839599 composite?
False
Is 141704699 prime?
False
Is 2465498011 composite?
False
Is 5609053 prime?
True
Is 1815295 a composite number?
True
Is 44441939 a prime number?
True
Is 4860671 composite?
True
Is 33262513 a composite number?
False
Is 69531713 prime?
True
Is 2770973 a prime number?
True
Is 3170873 a prime number?
False
Is 164905133 a composite number?
True
Is 349189 a composite number?
True
Is 76375249 prime?
False
Is 18798709 a prime number?
False
Is 42874249 a prime number?
False
Is 2503223 prime?
False
Is 28777979 a composite number?
False
Is 2251033 a prime number?
False
Is 2594087 composite?
True
Is 18269 prime?
True
Is 763278313 prime?
False
Is 15516601 composite?
True
Is 372425473 composite?
True
Is 41712415 prime?
False
Is 12596159 a prime number?
True
Is 26862931 composite?
True
Is 7529617 a prime number?
True
Is 80749151 composite?
True
Is 550007 a prime number?
True
Is 186703613 a prime number?
True
Is 661589 prime?
False
Is 3943754803 composite?
False
Is 2495881 prime?
True
Is 2225729 a composite number?
True
Is 1856453 composite?
True
Is 7605287 a prime number?
True
Is 51157211 a prime number?
False
Is 5362477 a prime number?
False
Is 720007 a prime number?
True
Is 3050197 prime?
True
Is 61837201 composite?
False
Is 44708179 composite?
False
Is 2650801 a prime number?
False
Is 854801 prime?
True
Is 9201721 prime?
False
Is 69885407 prime?
True
Is 8102849 a prime number?
True
Is 348497707 a prime number?
True
Is 26298113 prime?
True
Is 458059757 composite?
False
Is 22145561 a composite number?
True
Is 11149681 prime?
False
Is 4617137 composite?
True
Is 59335909 a composite number?
False
Is 35685691 prime?
False
Is 1774019 composite?
True
Is 191267 a composite number?
True
Is 7875809 a prime number?
False
Is 7811909 prime?
False
Is 137606641 composite?
True
Is 1375550797 a prime number?
True
Is 33975521 a composite number?
False
Is 58657217 a composite number?
False
Is 151946845 prime?
False
Is 112197997 a composite number?
False
Is 7455431 a prime number?
True
Is 263208019 composite?
True
Is 97677511 a composite number?
True
Is 392937421 a composite number?
True
Is 347630079 composite?
True
Is 6352823 a prime number?
False
Is 19443881 prime?
False
Is 28135483 a composite number?
False
Is 2557777621 composite?
True
Is 622849 composite?
False
Is 322207967 prime?
True
Is 70554299 composite?
False
Is 85117913 prime?
True
Is 40909637 a composite number?
False
Is 2607635 a composite number?
True
Is 2574149 composite?
False
Is 47574547 prime?
True
Is 116297333 composite?
False
Is 30281591 prime?
True
Is 58062071 prime?
True
Is 4780759 prime?
False
Is 65380361 prime?
True
Is 17061911 composite?
False
Is 111128951 composite?
False
Is 1865909 a prime number?
False
Is 11618687 prime?
True
Is 31139023 prime?
False
Is 2313953 composite?
True
Is 179475383 prime?
True
Is 29383243 a composite number?
False
Is 2042717 prime?
True
Is 21367979 prime?
True
Is 3533953 prime?
True
Is 3050681 a prime number?
True
Is 44840129 a composite number?
False
Is 32062687 a composite number?
False
Is 62282841 a prime number?
False
Is 18028747 prime?
False
Is 22694627 a prime number?
False
Is 9331934 prime?
False
Is 4623951 a prime number?
False
Is 2938349 a prime number?
False
Is 1200637 prime?
True
Is 2156173 a composite number?
True
Is 55404298 composite?
True
Is 33457 a composite number?
False
Is 17819167 composite?
False
Is 32264173 prime?
True
Is 8454851 composite?
True
Is 31046651 a composite number?
False
Is 1962991 a prime number?
True
Is 159669029 a prime number?
False
Is 391317119 a prime number?
True
Is 30548869 prime?
False
Is 2316697 a composite number?
False
Is 9632977 composite?
True
Is 9408001 a prime number?
False
Is 828581 a composite number?
True
Is 1794743 a composite number?
True
Is 11924371 a composite number?
True
Is 38008463 composite?
False
Is 6556111 composite?
False
Is 88378739 a composite number?
True
Is 1000257 a prime number?
False
Is 69230923 a prime number?
False
Is 1257 prime?
False
Is 3663971 a composite number?
False
Is 750487 a composite number?
False
Is 477941 prime?
True
Is 11205521 a prime number?
True
Is 205871843 a composite number?
False
Is 152120747 prime?
False
Is 22024147 composite?
False
Is 32609477 a prime number?
False
Is 40691383 a composite number?
False
Is 3212683 prime?
False
Is 49926967 a composite number?
True
Is 26697001 a composite number?
True
Is 43522259 a prime number?
False
Is 9705929 a prime number?
False
Is 121229 a prime number?
True
Is 2516699 a prime number?
False
Is 15347411 a composite number?
False
Is 52278833 composite?
Fals